{"id":13,"date":"2017-02-22T18:48:31","date_gmt":"2017-02-22T18:48:31","guid":{"rendered":"https:\/\/merlin.yfx.de\/marokko2017\/?page_id=13"},"modified":"2017-03-12T20:35:43","modified_gmt":"2017-03-12T20:35:43","slug":"startseite-marokko-fruehling-2017","status":"publish","type":"page","link":"https:\/\/merlin.yfx.de\/marokko2017\/","title":{"rendered":"Marokko Fr\u00fchling 2017"},"content":{"rendered":"<p>Nachdem wir Marokko auf unseren bisherigen Reisen nur im Sp\u00e4tsommer oder Herbst kennengelernt haben, wollen wir dieses Mal den Fr\u00fchling im Antiatlas, an der s\u00fcdlichen Atlantikk\u00fcste und im s\u00fcdlichen Draatal kennenlernen. Mal sehen, wie weit wir uns dem Erg Cheggaga n\u00e4hern k\u00f6nnen&#8230;<\/p>\n<p>Unter Reisebericht k\u00f6nnt ihr N\u00e4heres dar\u00fcber lesen.<\/p>\n","protected":false},"excerpt":{"rendered":"<p>Nachdem wir Marokko auf unseren bisherigen Reisen nur im Sp\u00e4tsommer oder Herbst kennengelernt haben, wollen wir dieses Mal den Fr\u00fchling im Antiatlas, an der s\u00fcdlichen Atlantikk\u00fcste und im s\u00fcdlichen Draatal kennenlernen. Mal sehen, wie weit wir uns dem Erg Cheggaga n\u00e4hern k\u00f6nnen&#8230; Unter Reisebericht k\u00f6nnt ihr N\u00e4heres dar\u00fcber lesen.<\/p>\n","protected":false},"author":2,"featured_media":0,"parent":0,"menu_order":0,"comment_status":"closed","ping_status":"closed","template":"","meta":{"pgc_sgb_lightbox_settings":"","footnotes":""},"class_list":["post-13","page","type-page","status-publish","hentry"],"_links":{"self":[{"href":"https:\/\/merlin.yfx.de\/marokko2017\/index.php?rest_route=\/wp\/v2\/pages\/13","targetHints":{"allow":["GET"]}}],"collection":[{"href":"https:\/\/merlin.yfx.de\/marokko2017\/index.php?rest_route=\/wp\/v2\/pages"}],"about":[{"href":"https:\/\/merlin.yfx.de\/marokko2017\/index.php?rest_route=\/wp\/v2\/types\/page"}],"author":[{"embeddable":true,"href":"https:\/\/merlin.yfx.de\/marokko2017\/index.php?rest_route=\/wp\/v2\/users\/2"}],"replies":[{"embeddable":true,"href":"https:\/\/merlin.yfx.de\/marokko2017\/index.php?rest_route=%2Fwp%2Fv2%2Fcomments&post=13"}],"version-history":[{"count":6,"href":"https:\/\/merlin.yfx.de\/marokko2017\/index.php?rest_route=\/wp\/v2\/pages\/13\/revisions"}],"predecessor-version":[{"id":133,"href":"https:\/\/merlin.yfx.de\/marokko2017\/index.php?rest_route=\/wp\/v2\/pages\/13\/revisions\/133"}],"wp:attachment":[{"href":"https:\/\/merlin.yfx.de\/marokko2017\/index.php?rest_route=%2Fwp%2Fv2%2Fmedia&parent=13"}],"curies":[{"name":"wp","href":"https:\/\/api.w.org\/{rel}","templated":true}]}}